hest common factor of 176 and 33?
11
What is the greatest common divisor of 190 and 12616?
38
Calculate the greatest common factor of 39 and 21.
3
Calculate the highest common factor of 32 and 2.
2
What is the highest common divisor of 42 and 896?
14
Calculate the highest common divisor of 63 and 3717.
63
What is the greatest common divisor of 228 and 5871?
57
What is the greatest common divisor of 20 and 68?
4
What is the highest common divisor of 46 and 1978?
46
Calculate the greatest common factor of 12 and 9732.
12
What is the highest common divisor of 90 and 288?
18
What is the greatest common divisor of 96 and 94080?
96
Calculate the highest common divisor of 114 and 9899.
19
What is the greatest common divisor of 26 and 2?
2
Calculate the highest common factor of 96 and 408.
24
What is the greatest common factor of 210 and 560?
70
Calculate the highest common divisor of 1400 and 50.
50
Calculate the greatest common divisor of 15 and 2445.
15
Calculate the greatest common divisor of 1989 and 3060.
153
What is the greatest common factor of 192 and 528?
48
What is the greatest common divisor of 666 and 99?
9
What is the greatest common factor of 1710 and 90?
90
What is the highest common divisor of 117 and 156?
39
Calculate the highest common divisor of 4 and 188.
4
What is the highest common divisor of 12 and 3?
3
What is the greatest common divisor of 100 and 30?
10
What is the greatest common factor of 141 and 7614?
141
What is the greatest common factor of 1100 and 1700?
100
What is the greatest common factor of 528 and 297?
33
What is the greatest common divisor of 19652 and 4?
4
What is the highest common factor of 779 and 38?
19
What is the highest common factor of 85 and 5?
5
What is the highest common divisor of 126 and 198?
18
Calculate the greatest common divisor of 2000 and 360.
40
Calculate the greatest common divisor of 315 and 477.
9
What is the greatest common factor of 45 and 195?
15
What is the greatest common divisor of 374 and 154?
22
Calculate the greatest common factor of 46 and 23.
23
Calculate the highest common divisor of 441 and 9.
9
What is the highest common divisor of 76 and 2812?
76
Calculate the greatest common divisor of 72 and 126.
18
What is the greatest common factor of 680 and 17?
17
Calculate the greatest common factor of 85 and 323.
17
What is the greatest common divisor of 440 and 2255?
55
Calculate the highest common factor of 16 and 592.
16
What is the highest common factor of 16 and 23832?
8
Calculate the highest common divisor of 16896 and 99.
33
Calculate the greatest common divisor of 49 and 27979.
49
What is the highest common divisor of 32 and 68?
4
Calculate the greatest common factor of 1156 and 408.
68
What is the highest common factor of 7 and 4?
1
What is the greatest common factor of 112 and 77?
7
Calculate the greatest common factor of 2 and 2521.
1
Calculate the greatest common divisor of 25 and 6700.
25
What is the greatest common factor of 1152 and 1664?
128
What is the greatest common divisor of 1449 and 63?
63
Calculate the greatest common divisor of 72 and 1416.
24
Calculate the highest common divisor of 3017 and 140.
7
What is the greatest common divisor of 17 and 1003?
17
Calculate the highest common factor of 110 and 120.
10
Calculate the greatest common factor of 18 and 146.
2
What is the greatest common factor of 3358 and 292?
146
Calculate the greatest common factor of 28 and 1484.
28
What is the greatest common factor of 32 and 32?
32
What is the highest common factor of 56 and 3304?
56
Calculate the highest common divisor of 630 and 1695.
15
Calculate the highest common factor of 7 and 343.
7
Calculate the greatest common factor of 299 and 161.
23
What is the greatest common divisor of 30 and 615?
15
Calculate the greatest common divisor of 260 and 200.
20
Calculate the highest common factor of 305 and 25.
5
What is the greatest common divisor of 45 and 765?
45
What is the highest common divisor of 288 and 18?
18
Calculate the highest common factor of 196 and 182.
14
Calculate the greatest common factor of 32 and 11000.
8
What is the highest common factor of 54 and 360?
18
What is the highest common divisor of 50 and 80?
10
Calculate the greatest common divisor of 144 and 9.
9
Calculate the greatest common divisor of 125 and 21625.
125
What is the highest common divisor of 5 and 39?
1
Calculate the highest common factor of 299 and 92.
23
Calculate the highest common factor of 1650 and 198.
66
What is the greatest common factor of 10 and 25920?
10
Calculate the highest common divisor of 2800 and 112.
112
Calculate the highest common factor of 16885 and 55.
55
Calculate the highest common divisor of 9 and 4.
1
What is the highest common factor of 115 and 95?
5
What is the greatest common factor of 99 and 18?
9
What is the greatest common divisor of 1160 and 520?
40
Calculate the greatest common divisor of 1755 and 405.
135
Calculate the greatest common divisor of 184 and 4439.
23
Calculate the highest common divisor of 1377 and 306.
153
Calculate the highest common divisor of 774 and 30573.
387
What is the greatest common divisor of 525 and 105?
105
What is the greatest common factor of 118 and 2419?
59
Calculate the highest common factor of 24 and 1112.
8
Calculate the greatest common factor of 34 and 1564.
34
What is the greatest common factor of 52 and 70?
2
Calculate the greatest common divisor of 5049 and 1188.
297
What is the highest common divisor of 130 and 598?
26
What is the highest common factor of 135 and 45?
45
Calculate the greatest common divisor of 5 and 2095.
5
What is the greatest common factor of 66 and 1749?
33
What is the highest common divisor of 612 and 5916?
204
Calculate the greatest common factor of 255 and 663.
51
What is the greatest common divisor of 230 and 92?
46
Calculate the greatest common factor of 375 and 150.
75
What is the greatest common factor of 140 and 11340?
140
What is the highest common factor of 176 and 187?
11
Calculate the greatest common divisor of 6 and 474.
6
What is the greatest common factor of 58 and 1363?
29
What is the greatest common divisor of 190 and 15?
5
What is the greatest common divisor of 10 and 480?
10
Calculate the highest common factor of 108 and 2322.
54
Calculate the greatest common factor of 88 and 20636.
44
What is the highest common divisor of 360 and 50?
10
Calculate the greatest common divisor of 53 and 3392.
53
Calculate the greatest common divisor of 39270 and 165.
165
What is the highest common factor of 27 and 729?
27
Calculate the greatest common factor of 147 and 196.
49
What is the greatest common factor of 116 and 4?
4
What is the highest common factor of 126 and 10?
2
Calculate the greatest common factor of 4956 and 672.
84
What is the greatest common divisor of 30 and 130?
10
What is the highest common divisor of 10919 and 61?
61
Calculate the greatest common divisor of 39 and 2223.
39
What is the greatest common divisor of 97 and 10961?
97
Calculate the greatest common divisor of 84 and 132.
12
What is the highest common divisor of 455 and 70?
35
What is the greatest common factor of 1474 and 11?
11
Calculate the highest common factor of 15 and 9.
3
Calculate the greatest common divisor of 126 and 168.
42
What is the greatest common divisor of 25 and 1585?
5
Calculate the greatest common factor of 36 and 9672.
12
What is the greatest common factor of 4080 and 44?
4
Calculate the greatest common divisor of 86 and 387.
43
What is the greatest common divisor of 495 and 55?
55
What is the highest common factor of 9702 and 594?
198
What is the highest common divisor of 10 and 640?
10
Calculate the greatest common divisor of 14 and 6.
2
Calculate the highest common factor of 1998 and 74.
74
Calculate the greatest common factor of 50 and 16550.
50
Calculate the greatest common divisor of 9525 and 75.
75
Calculate the highest common divisor of 1463 and 418.
209
What is the highest common factor of 3 and 1659?
3
What is the highest common factor of 4697 and 77?
77
Calculate the highest common factor of 1271 and 62.
31
What is the highest common divisor of 432 and 270?
54
Calculate the highest common divisor of 1197 and 315.
63
Calculate the highest common factor of 2744 and 168.
56
Calculate th